{"id":445,"date":"2023-07-07T14:28:59","date_gmt":"2023-07-07T20:28:59","guid":{"rendered":"https:\/\/mipcel.com\/?post_type=product&#038;p=445"},"modified":"2024-11-08T13:31:14","modified_gmt":"2024-11-08T19:31:14","slug":"motorola-g71-5g","status":"publish","type":"product","link":"https:\/\/mipcel.com\/index.php\/producto\/motorola-g71-5g\/","title":{"rendered":"Motorola G71 5G"},"content":{"rendered":"<p>FICHA T\u00c9CNICA<br \/>\nDesempe\u00f1o<br \/>\nAlmacenamiento<br \/>\n128 GB<br \/>\nProcesador<br \/>\nQualcomm Snapdragon 695. Adreno 619 @ 825MHz, 2.2 GHz<br \/>\nSistema Operativo<br \/>\nAndroid 11<br \/>\nMem\u00f3ria RAM<br \/>\n6 GB<br \/>\nPantalla<br \/>\nTama\u00f1o de Pantalla<br \/>\n6.4<br \/>\nBater\u00eda<br \/>\nBater\u00eda<br \/>\n5000 mAh<br \/>\nTipo de cargador:<br \/>\nTurbo cargador<br \/>\nSensores<br \/>\nAcelerometro, Proximidad, Giroscopio, NFC<br \/>\nDise\u00f1o<br \/>\nDimensiones<br \/>\n161.19 x 73.87 x 8.49<br \/>\nCamara<br \/>\nC\u00e1mara Frontal<br \/>\n16MP<br \/>\nC\u00e1mara Trasera<br \/>\n50MP + 8MP (\u00e1ngulo ampliado + profundidad) + 2MP (macro)<br \/>\nContenido de la caja<br \/>\n01 Manual\/Gu\u00eda de usuario, 01 Cable de Sincronizaci\u00f3n , 01 Cargador de viaje, 01 Funda protectora de silicon, 01 Herramienta de Remoci\u00f3n de SIM<\/p>\n","protected":false},"excerpt":{"rendered":"<p>FICHA T\u00c9CNICA Desempe\u00f1o Almacenamiento 128 GB Procesador Qualcomm Snapdragon 695. Adreno 619 @ 825MHz, 2.2 GHz Sistema Operativo Android 11 Mem\u00f3ria RAM 6 GB Pantalla Tama\u00f1o de Pantalla 6.4 Bater\u00eda Bater\u00eda 5000 mAh Tipo de cargador: Turbo cargador Sensores Acelerometro, Proximidad, Giroscopio, NFC Dise\u00f1o Dimensiones 161.19 x 73.87 x 8.49 Camara C\u00e1mara Frontal 16MP C\u00e1mara [&hellip;]<\/p>\n","protected":false},"featured_media":495,"comment_status":"open","ping_status":"closed","template":"","meta":{"site-sidebar-layout":"default","site-content-layout":"","ast-site-content-layout":"default","site-content-style":"default","site-sidebar-style":"default","ast-global-header-display":"","ast-banner-title-visibility":"","ast-main-header-display":"","ast-hfb-above-header-display":"","ast-hfb-below-header-display":"","ast-hfb-mobile-header-display":"","site-post-title":"","ast-breadcrumbs-content":"","ast-featured-img":"","footer-sml-layout":"","ast-disable-related-posts":"","theme-transparent-header-meta":"","adv-header-id-meta":"","stick-header-meta":"","header-above-stick-meta":"","header-main-stick-meta":"","header-below-stick-meta":"","astra-migrate-meta-layouts":"default","ast-page-background-enabled":"default","ast-page-background-meta":{"desktop":{"background-color":"var(--ast-global-color-4)","background-image":"","background-repeat":"repeat","background-position":"center center","background-size":"auto","background-attachment":"scroll","background-type":"","background-media":"","overlay-type":"","overlay-color":"","overlay-opacity":"","overlay-gradient":""},"tablet":{"background-color":"","background-image":"","background-repeat":"repeat","background-position":"center center","background-size":"auto","background-attachment":"scroll","background-type":"","background-media":"","overlay-type":"","overlay-color":"","overlay-opacity":"","overlay-gradient":""},"mobile":{"background-color":"","background-image":"","background-repeat":"repeat","background-position":"center center","background-size":"auto","background-attachment":"scroll","background-type":"","background-media":"","overlay-type":"","overlay-color":"","overlay-opacity":"","overlay-gradient":""}},"ast-content-background-meta":{"desktop":{"background-color":"var(--ast-global-color-5)","background-image":"","background-repeat":"repeat","background-position":"center center","background-size":"auto","background-attachment":"scroll","background-type":"","background-media":"","overlay-type":"","overlay-color":"","overlay-opacity":"","overlay-gradient":""},"tablet":{"background-color":"var(--ast-global-color-5)","background-image":"","background-repeat":"repeat","background-position":"center center","background-size":"auto","background-attachment":"scroll","background-type":"","background-media":"","overlay-type":"","overlay-color":"","overlay-opacity":"","overlay-gradient":""},"mobile":{"background-color":"var(--ast-global-color-5)","background-image":"","background-repeat":"repeat","background-position":"center center","background-size":"auto","background-attachment":"scroll","background-type":"","background-media":"","overlay-type":"","overlay-color":"","overlay-opacity":"","overlay-gradient":""}}},"product_brand":[],"product_cat":[33],"product_tag":[],"class_list":{"0":"post-445","1":"product","2":"type-product","3":"status-publish","4":"has-post-thumbnail","6":"product_cat-motorola","7":"desktop-align-left","8":"tablet-align-left","9":"mobile-align-left","11":"first","12":"outofstock","13":"sale","14":"shipping-taxable","15":"purchasable","16":"product-type-simple"},"_links":{"self":[{"href":"https:\/\/mipcel.com\/index.php\/wp-json\/wp\/v2\/product\/445","targetHints":{"allow":["GET"]}}],"collection":[{"href":"https:\/\/mipcel.com\/index.php\/wp-json\/wp\/v2\/product"}],"about":[{"href":"https:\/\/mipcel.com\/index.php\/wp-json\/wp\/v2\/types\/product"}],"replies":[{"embeddable":true,"href":"https:\/\/mipcel.com\/index.php\/wp-json\/wp\/v2\/comments?post=445"}],"version-history":[{"count":1,"href":"https:\/\/mipcel.com\/index.php\/wp-json\/wp\/v2\/product\/445\/revisions"}],"predecessor-version":[{"id":496,"href":"https:\/\/mipcel.com\/index.php\/wp-json\/wp\/v2\/product\/445\/revisions\/496"}],"wp:featuredmedia":[{"embeddable":true,"href":"https:\/\/mipcel.com\/index.php\/wp-json\/wp\/v2\/media\/495"}],"wp:attachment":[{"href":"https:\/\/mipcel.com\/index.php\/wp-json\/wp\/v2\/media?parent=445"}],"wp:term":[{"taxonomy":"product_brand","embeddable":true,"href":"https:\/\/mipcel.com\/index.php\/wp-json\/wp\/v2\/product_brand?post=445"},{"taxonomy":"product_cat","embeddable":true,"href":"https:\/\/mipcel.com\/index.php\/wp-json\/wp\/v2\/product_cat?post=445"},{"taxonomy":"product_tag","embeddable":true,"href":"https:\/\/mipcel.com\/index.php\/wp-json\/wp\/v2\/product_tag?post=445"}],"curies":[{"name":"wp","href":"https:\/\/api.w.org\/{rel}","templated":true}]}}