{"id":487,"date":"2023-07-07T14:29:26","date_gmt":"2023-07-07T20:29:26","guid":{"rendered":"https:\/\/mipcel.com\/?post_type=product&#038;p=487"},"modified":"2024-11-08T13:19:17","modified_gmt":"2024-11-08T19:19:17","slug":"moto-g60s","status":"publish","type":"product","link":"https:\/\/mipcel.com\/index.php\/producto\/moto-g60s\/","title":{"rendered":"Moto g60s"},"content":{"rendered":"<p>Todo eso que necesitas es posible con moto g60s. Una pantalla \u00e1gil, con frecuencia de actualizaci\u00f3n de 120 Hz, Max Vision FHD+ de 6.78 pulgadas para que goces sin demora tus juegos, series y pel\u00edculas con m\u00e1xima nitidez. Bater\u00eda de larga duraci\u00f3n de 5000 mAh con TurboPower\u2122 que alcanza carga completa en minutos. Consigue capturas realmente bellas para tus redes sociales con sus cuatro c\u00e1maras principales de 64 + 8 + 5 + 2 megapixeles y c\u00e1mara frontal de 16 megapixeles. Integra un veloz procesador MediaTek Helio G95 y ofrece 128 GB de almacenamiento.<\/p>\n","protected":false},"excerpt":{"rendered":"<p>Todo eso que necesitas es posible con moto g60s. Una pantalla \u00e1gil, con frecuencia de actualizaci\u00f3n de 120 Hz, Max Vision FHD+ de 6.78 pulgadas para que goces sin demora tus juegos, series y pel\u00edculas con m\u00e1xima nitidez. Bater\u00eda de larga duraci\u00f3n de 5000 mAh con TurboPower\u2122 que alcanza carga completa en minutos. Consigue capturas realmente bellas para tus redes sociales con sus cuatro c\u00e1maras principales de 64 + 8 + 5 + 2 megapixeles y c\u00e1mara frontal de 16 megapixeles. Integra un veloz procesador MediaTek Helio G95 y ofrece 128 GB de almacenamiento.<\/p>\n","protected":false},"featured_media":562,"comment_status":"open","ping_status":"closed","template":"","meta":{"site-sidebar-layout":"default","site-content-layout":"","ast-site-content-layout":"default","site-content-style":"default","site-sidebar-style":"default","ast-global-header-display":"","ast-banner-title-visibility":"","ast-main-header-display":"","ast-hfb-above-header-display":"","ast-hfb-below-header-display":"","ast-hfb-mobile-header-display":"","site-post-title":"","ast-breadcrumbs-content":"","ast-featured-img":"","footer-sml-layout":"","ast-disable-related-posts":"","theme-transparent-header-meta":"","adv-header-id-meta":"","stick-header-meta":"","header-above-stick-meta":"","header-main-stick-meta":"","header-below-stick-meta":"","astra-migrate-meta-layouts":"default","ast-page-background-enabled":"default","ast-page-background-meta":{"desktop":{"background-color":"var(--ast-global-color-4)","background-image":"","background-repeat":"repeat","background-position":"center center","background-size":"auto","background-attachment":"scroll","background-type":"","background-media":"","overlay-type":"","overlay-color":"","overlay-opacity":"","overlay-gradient":""},"tablet":{"background-color":"","background-image":"","background-repeat":"repeat","background-position":"center center","background-size":"auto","background-attachment":"scroll","background-type":"","background-media":"","overlay-type":"","overlay-color":"","overlay-opacity":"","overlay-gradient":""},"mobile":{"background-color":"","background-image":"","background-repeat":"repeat","background-position":"center center","background-size":"auto","background-attachment":"scroll","background-type":"","background-media":"","overlay-type":"","overlay-color":"","overlay-opacity":"","overlay-gradient":""}},"ast-content-background-meta":{"desktop":{"background-color":"var(--ast-global-color-5)","background-image":"","background-repeat":"repeat","background-position":"center center","background-size":"auto","background-attachment":"scroll","background-type":"","background-media":"","overlay-type":"","overlay-color":"","overlay-opacity":"","overlay-gradient":""},"tablet":{"background-color":"var(--ast-global-color-5)","background-image":"","background-repeat":"repeat","background-position":"center center","background-size":"auto","background-attachment":"scroll","background-type":"","background-media":"","overlay-type":"","overlay-color":"","overlay-opacity":"","overlay-gradient":""},"mobile":{"background-color":"var(--ast-global-color-5)","background-image":"","background-repeat":"repeat","background-position":"center center","background-size":"auto","background-attachment":"scroll","background-type":"","background-media":"","overlay-type":"","overlay-color":"","overlay-opacity":"","overlay-gradient":""}}},"product_brand":[],"product_cat":[33],"product_tag":[],"class_list":{"0":"post-487","1":"product","2":"type-product","3":"status-publish","4":"has-post-thumbnail","6":"product_cat-motorola","7":"desktop-align-left","8":"tablet-align-left","9":"mobile-align-left","11":"first","12":"outofstock","13":"sale","14":"shipping-taxable","15":"purchasable","16":"product-type-simple"},"_links":{"self":[{"href":"https:\/\/mipcel.com\/index.php\/wp-json\/wp\/v2\/product\/487","targetHints":{"allow":["GET"]}}],"collection":[{"href":"https:\/\/mipcel.com\/index.php\/wp-json\/wp\/v2\/product"}],"about":[{"href":"https:\/\/mipcel.com\/index.php\/wp-json\/wp\/v2\/types\/product"}],"replies":[{"embeddable":true,"href":"https:\/\/mipcel.com\/index.php\/wp-json\/wp\/v2\/comments?post=487"}],"version-history":[{"count":1,"href":"https:\/\/mipcel.com\/index.php\/wp-json\/wp\/v2\/product\/487\/revisions"}],"predecessor-version":[{"id":563,"href":"https:\/\/mipcel.com\/index.php\/wp-json\/wp\/v2\/product\/487\/revisions\/563"}],"wp:featuredmedia":[{"embeddable":true,"href":"https:\/\/mipcel.com\/index.php\/wp-json\/wp\/v2\/media\/562"}],"wp:attachment":[{"href":"https:\/\/mipcel.com\/index.php\/wp-json\/wp\/v2\/media?parent=487"}],"wp:term":[{"taxonomy":"product_brand","embeddable":true,"href":"https:\/\/mipcel.com\/index.php\/wp-json\/wp\/v2\/product_brand?post=487"},{"taxonomy":"product_cat","embeddable":true,"href":"https:\/\/mipcel.com\/index.php\/wp-json\/wp\/v2\/product_cat?post=487"},{"taxonomy":"product_tag","embeddable":true,"href":"https:\/\/mipcel.com\/index.php\/wp-json\/wp\/v2\/product_tag?post=487"}],"curies":[{"name":"wp","href":"https:\/\/api.w.org\/{rel}","templated":true}]}}