{"id":490,"date":"2023-07-07T14:29:27","date_gmt":"2023-07-07T20:29:27","guid":{"rendered":"https:\/\/mipcel.com\/?post_type=product&#038;p=490"},"modified":"2023-07-07T14:30:57","modified_gmt":"2023-07-07T20:30:57","slug":"oneplus-nord-n10-5g","status":"publish","type":"product","link":"https:\/\/mipcel.com\/index.php\/producto\/oneplus-nord-n10-5g\/","title":{"rendered":"OnePlus Nord N10 5G"},"content":{"rendered":"<p>OnePlus Nord N10 5G integra procesador Qualcomm\u00ae Snapdragon\u2122 alimentado por una CPU Octa-Core, lo que se traduce en potencia extraordinaria. Ofrece 6 GB en RAM para que disfrutes sin demora tus juegos, apps, pel\u00edculas y series. Adem\u00e1s, su pantalla ofrece una velocidad de actualizaci\u00f3n (refresco) de 90 Hz que tienes que probar. Sistema de c\u00e1maras de 64 megapixeles: principal, gran angular, macro y monocrom\u00e1tico. Cuenta con doble altavoz para ver pel\u00edculas con sonido est\u00e9reo. Su bater\u00eda de carga r\u00e1pida de 30W te da energ\u00eda para todo el d\u00eda con solo media hora de carga. Y por si fuera poco, sus 128 GB de memoria (expandible a 512 GB con MicroSD) te dan espacio suficiente para conservar tu contenido y descargas.<\/p>\n","protected":false},"excerpt":{"rendered":"<p>OnePlus Nord N10 5G integra procesador Qualcomm\u00ae Snapdragon\u2122 alimentado por una CPU Octa-Core, lo que se traduce en potencia extraordinaria. Ofrece 6 GB en RAM para que disfrutes sin demora tus juegos, apps, pel\u00edculas y series. Adem\u00e1s, su pantalla ofrece una velocidad de actualizaci\u00f3n (refresco) de 90 Hz que tienes que probar. Sistema de c\u00e1maras de 64 megapixeles: principal, gran angular, macro y monocrom\u00e1tico. Cuenta con doble altavoz para ver pel\u00edculas con sonido est\u00e9reo. Su bater\u00eda de carga r\u00e1pida de 30W te da energ\u00eda para todo el d\u00eda con solo media hora de carga. Y por si fuera poco, sus 128 GB de memoria (expandible a 512 GB con MicroSD) te dan espacio suficiente para conservar tu contenido y descargas.<\/p>\n","protected":false},"featured_media":578,"comment_status":"open","ping_status":"closed","template":"","meta":{"site-sidebar-layout":"default","site-content-layout":"","ast-site-content-layout":"default","site-content-style":"default","site-sidebar-style":"default","ast-global-header-display":"","ast-banner-title-visibility":"","ast-main-header-display":"","ast-hfb-above-header-display":"","ast-hfb-below-header-display":"","ast-hfb-mobile-header-display":"","site-post-title":"","ast-breadcrumbs-content":"","ast-featured-img":"","footer-sml-layout":"","ast-disable-related-posts":"","theme-transparent-header-meta":"","adv-header-id-meta":"","stick-header-meta":"","header-above-stick-meta":"","header-main-stick-meta":"","header-below-stick-meta":"","astra-migrate-meta-layouts":"default","ast-page-background-enabled":"default","ast-page-background-meta":{"desktop":{"background-color":"var(--ast-global-color-4)","background-image":"","background-repeat":"repeat","background-position":"center center","background-size":"auto","background-attachment":"scroll","background-type":"","background-media":"","overlay-type":"","overlay-color":"","overlay-opacity":"","overlay-gradient":""},"tablet":{"background-color":"","background-image":"","background-repeat":"repeat","background-position":"center center","background-size":"auto","background-attachment":"scroll","background-type":"","background-media":"","overlay-type":"","overlay-color":"","overlay-opacity":"","overlay-gradient":""},"mobile":{"background-color":"","background-image":"","background-repeat":"repeat","background-position":"center center","background-size":"auto","background-attachment":"scroll","background-type":"","background-media":"","overlay-type":"","overlay-color":"","overlay-opacity":"","overlay-gradient":""}},"ast-content-background-meta":{"desktop":{"background-color":"var(--ast-global-color-5)","background-image":"","background-repeat":"repeat","background-position":"center center","background-size":"auto","background-attachment":"scroll","background-type":"","background-media":"","overlay-type":"","overlay-color":"","overlay-opacity":"","overlay-gradient":""},"tablet":{"background-color":"var(--ast-global-color-5)","background-image":"","background-repeat":"repeat","background-position":"center center","background-size":"auto","background-attachment":"scroll","background-type":"","background-media":"","overlay-type":"","overlay-color":"","overlay-opacity":"","overlay-gradient":""},"mobile":{"background-color":"var(--ast-global-color-5)","background-image":"","background-repeat":"repeat","background-position":"center center","background-size":"auto","background-attachment":"scroll","background-type":"","background-media":"","overlay-type":"","overlay-color":"","overlay-opacity":"","overlay-gradient":""}}},"product_brand":[],"product_cat":[44],"product_tag":[],"class_list":{"0":"post-490","1":"product","2":"type-product","3":"status-publish","4":"has-post-thumbnail","6":"product_cat-oneplus","7":"desktop-align-left","8":"tablet-align-left","9":"mobile-align-left","11":"first","12":"outofstock","13":"shipping-taxable","14":"purchasable","15":"product-type-simple"},"_links":{"self":[{"href":"https:\/\/mipcel.com\/index.php\/wp-json\/wp\/v2\/product\/490","targetHints":{"allow":["GET"]}}],"collection":[{"href":"https:\/\/mipcel.com\/index.php\/wp-json\/wp\/v2\/product"}],"about":[{"href":"https:\/\/mipcel.com\/index.php\/wp-json\/wp\/v2\/types\/product"}],"replies":[{"embeddable":true,"href":"https:\/\/mipcel.com\/index.php\/wp-json\/wp\/v2\/comments?post=490"}],"version-history":[{"count":1,"href":"https:\/\/mipcel.com\/index.php\/wp-json\/wp\/v2\/product\/490\/revisions"}],"predecessor-version":[{"id":579,"href":"https:\/\/mipcel.com\/index.php\/wp-json\/wp\/v2\/product\/490\/revisions\/579"}],"wp:featuredmedia":[{"embeddable":true,"href":"https:\/\/mipcel.com\/index.php\/wp-json\/wp\/v2\/media\/578"}],"wp:attachment":[{"href":"https:\/\/mipcel.com\/index.php\/wp-json\/wp\/v2\/media?parent=490"}],"wp:term":[{"taxonomy":"product_brand","embeddable":true,"href":"https:\/\/mipcel.com\/index.php\/wp-json\/wp\/v2\/product_brand?post=490"},{"taxonomy":"product_cat","embeddable":true,"href":"https:\/\/mipcel.com\/index.php\/wp-json\/wp\/v2\/product_cat?post=490"},{"taxonomy":"product_tag","embeddable":true,"href":"https:\/\/mipcel.com\/index.php\/wp-json\/wp\/v2\/product_tag?post=490"}],"curies":[{"name":"wp","href":"https:\/\/api.w.org\/{rel}","templated":true}]}}