{"id":546,"date":"2023-07-07T14:30:18","date_gmt":"2023-07-07T20:30:18","guid":{"rendered":"https:\/\/mipcel.com\/?post_type=product&#038;p=546"},"modified":"2024-11-08T12:33:23","modified_gmt":"2024-11-08T18:33:23","slug":"samsung-a04e-azul","status":"publish","type":"product","link":"https:\/\/mipcel.com\/index.php\/producto\/samsung-a04e-azul\/","title":{"rendered":"Samsung A04E Azul"},"content":{"rendered":"<p>Saca provecho de su bater\u00eda de 5,000 mAh y \u00fasalo durante todo tu d\u00eda. Con una c\u00e1mara trasera de 13+2 MP perfecta para videos. Adem\u00e1s, disfruta de su pantalla LCD con 6.5 pulgadas en diagonal y resoluci\u00f3n HD+. Para complementar la experiencia, la parte superior incluye un notch en forma de gota que alberga una c\u00e1mara frontal de 5 MP perfecta para selfies. Por \u00faltimo, se apoya de 3 GB de RAM y 32GB de almacenamiento interno que puede ampliarse mediante MicroSD, en una \u00fanica versi\u00f3n y que es expandible hasta 1TB.<\/p>\n","protected":false},"excerpt":{"rendered":"<p>Saca provecho de su bater\u00eda de 5,000 mAh y \u00fasalo durante todo tu d\u00eda. Con una c\u00e1mara trasera de 13+2 MP perfecta para videos. Adem\u00e1s, disfruta de su pantalla LCD con 6.5 pulgadas en diagonal y resoluci\u00f3n HD+. Para complementar la experiencia, la parte superior incluye un notch en forma de gota que alberga una c\u00e1mara frontal de 5 MP perfecta para selfies. Por \u00faltimo, se apoya de 3 GB de RAM y 32GB de almacenamiento interno que puede ampliarse mediante MicroSD, en una \u00fanica versi\u00f3n y que es expandible hasta 1TB.<\/p>\n","protected":false},"featured_media":636,"comment_status":"open","ping_status":"closed","template":"","meta":{"site-sidebar-layout":"default","site-content-layout":"","ast-site-content-layout":"default","site-content-style":"default","site-sidebar-style":"default","ast-global-header-display":"","ast-banner-title-visibility":"","ast-main-header-display":"","ast-hfb-above-header-display":"","ast-hfb-below-header-display":"","ast-hfb-mobile-header-display":"","site-post-title":"","ast-breadcrumbs-content":"","ast-featured-img":"","footer-sml-layout":"","ast-disable-related-posts":"","theme-transparent-header-meta":"","adv-header-id-meta":"","stick-header-meta":"","header-above-stick-meta":"","header-main-stick-meta":"","header-below-stick-meta":"","astra-migrate-meta-layouts":"default","ast-page-background-enabled":"default","ast-page-background-meta":{"desktop":{"background-color":"var(--ast-global-color-4)","background-image":"","background-repeat":"repeat","background-position":"center center","background-size":"auto","background-attachment":"scroll","background-type":"","background-media":"","overlay-type":"","overlay-color":"","overlay-opacity":"","overlay-gradient":""},"tablet":{"background-color":"","background-image":"","background-repeat":"repeat","background-position":"center center","background-size":"auto","background-attachment":"scroll","background-type":"","background-media":"","overlay-type":"","overlay-color":"","overlay-opacity":"","overlay-gradient":""},"mobile":{"background-color":"","background-image":"","background-repeat":"repeat","background-position":"center center","background-size":"auto","background-attachment":"scroll","background-type":"","background-media":"","overlay-type":"","overlay-color":"","overlay-opacity":"","overlay-gradient":""}},"ast-content-background-meta":{"desktop":{"background-color":"var(--ast-global-color-5)","background-image":"","background-repeat":"repeat","background-position":"center center","background-size":"auto","background-attachment":"scroll","background-type":"","background-media":"","overlay-type":"","overlay-color":"","overlay-opacity":"","overlay-gradient":""},"tablet":{"background-color":"var(--ast-global-color-5)","background-image":"","background-repeat":"repeat","background-position":"center center","background-size":"auto","background-attachment":"scroll","background-type":"","background-media":"","overlay-type":"","overlay-color":"","overlay-opacity":"","overlay-gradient":""},"mobile":{"background-color":"var(--ast-global-color-5)","background-image":"","background-repeat":"repeat","background-position":"center center","background-size":"auto","background-attachment":"scroll","background-type":"","background-media":"","overlay-type":"","overlay-color":"","overlay-opacity":"","overlay-gradient":""}}},"product_brand":[],"product_cat":[36],"product_tag":[],"class_list":{"0":"post-546","1":"product","2":"type-product","3":"status-publish","4":"has-post-thumbnail","6":"product_cat-samsung","7":"desktop-align-left","8":"tablet-align-left","9":"mobile-align-left","11":"first","12":"outofstock","13":"sale","14":"shipping-taxable","15":"purchasable","16":"product-type-simple"},"_links":{"self":[{"href":"https:\/\/mipcel.com\/index.php\/wp-json\/wp\/v2\/product\/546","targetHints":{"allow":["GET"]}}],"collection":[{"href":"https:\/\/mipcel.com\/index.php\/wp-json\/wp\/v2\/product"}],"about":[{"href":"https:\/\/mipcel.com\/index.php\/wp-json\/wp\/v2\/types\/product"}],"replies":[{"embeddable":true,"href":"https:\/\/mipcel.com\/index.php\/wp-json\/wp\/v2\/comments?post=546"}],"version-history":[{"count":1,"href":"https:\/\/mipcel.com\/index.php\/wp-json\/wp\/v2\/product\/546\/revisions"}],"predecessor-version":[{"id":641,"href":"https:\/\/mipcel.com\/index.php\/wp-json\/wp\/v2\/product\/546\/revisions\/641"}],"wp:featuredmedia":[{"embeddable":true,"href":"https:\/\/mipcel.com\/index.php\/wp-json\/wp\/v2\/media\/636"}],"wp:attachment":[{"href":"https:\/\/mipcel.com\/index.php\/wp-json\/wp\/v2\/media?parent=546"}],"wp:term":[{"taxonomy":"product_brand","embeddable":true,"href":"https:\/\/mipcel.com\/index.php\/wp-json\/wp\/v2\/product_brand?post=546"},{"taxonomy":"product_cat","embeddable":true,"href":"https:\/\/mipcel.com\/index.php\/wp-json\/wp\/v2\/product_cat?post=546"},{"taxonomy":"product_tag","embeddable":true,"href":"https:\/\/mipcel.com\/index.php\/wp-json\/wp\/v2\/product_tag?post=546"}],"curies":[{"name":"wp","href":"https:\/\/api.w.org\/{rel}","templated":true}]}}