{"id":547,"date":"2023-07-07T14:30:18","date_gmt":"2023-07-07T20:30:18","guid":{"rendered":"https:\/\/mipcel.com\/?post_type=product&#038;p=547"},"modified":"2024-11-08T13:33:04","modified_gmt":"2024-11-08T19:33:04","slug":"motorola-e13-negro-kit","status":"publish","type":"product","link":"https:\/\/mipcel.com\/index.php\/producto\/motorola-e13-negro-kit\/","title":{"rendered":"Motorola E13 Negro kit"},"content":{"rendered":"<p>Obt\u00e9n el estilo que estabas esperando con el nuevo moto e13. Su dise\u00f1o sofisticado y delgado lo hace espectacular en todos los sentidos. Lleva el cine en tu bolsillo con el audio multidimensional de Dolby Atmos\u00ae1 y una pantalla ultraamplia HD+ de 6.5&#8243;. Divi\u00e9rtete sin parar gracias a la bater\u00eda de 5,000 mAh. Disfruta de una experiencia fluida, ya sea que reproduzcas contenido con la red Wi-Fi de 5 GHz2 o conectes tu cargador y tus auriculares Bluetooth\u00ae 5.03. El procesador Octa-Core te permite realizar videollamadas sin interrupciones, tomar fotos avanzadas con IA y mucho m\u00e1s. Adem\u00e1s, obt\u00e9n una experiencia m\u00e1s confiable, \u00fatil y personalizable con la \u00faltima versi\u00f3n de Android\u2122 13 Go. Dest\u00e1cate con el moto e13.<\/p>\n","protected":false},"excerpt":{"rendered":"<p>Obt\u00e9n el estilo que estabas esperando con el nuevo moto e13. Su dise\u00f1o sofisticado y delgado lo hace espectacular en todos los sentidos. Lleva el cine en tu bolsillo con el audio multidimensional de Dolby Atmos\u00ae1 y una pantalla ultraamplia HD+ de 6.5&#8243;. Divi\u00e9rtete sin parar gracias a la bater\u00eda de 5,000 mAh. Disfruta de una experiencia fluida, ya sea que reproduzcas contenido con la red Wi-Fi de 5 GHz2 o conectes tu cargador y tus auriculares Bluetooth\u00ae 5.03. El procesador Octa-Core te permite realizar videollamadas sin interrupciones, tomar fotos avanzadas con IA y mucho m\u00e1s. Adem\u00e1s, obt\u00e9n una experiencia m\u00e1s confiable, \u00fatil y personalizable con la \u00faltima versi\u00f3n de Android\u2122 13 Go. Dest\u00e1cate con el moto e13.<\/p>\n","protected":false},"featured_media":642,"comment_status":"open","ping_status":"closed","template":"","meta":{"site-sidebar-layout":"default","site-content-layout":"","ast-site-content-layout":"default","site-content-style":"default","site-sidebar-style":"default","ast-global-header-display":"","ast-banner-title-visibility":"","ast-main-header-display":"","ast-hfb-above-header-display":"","ast-hfb-below-header-display":"","ast-hfb-mobile-header-display":"","site-post-title":"","ast-breadcrumbs-content":"","ast-featured-img":"","footer-sml-layout":"","ast-disable-related-posts":"","theme-transparent-header-meta":"","adv-header-id-meta":"","stick-header-meta":"","header-above-stick-meta":"","header-main-stick-meta":"","header-below-stick-meta":"","astra-migrate-meta-layouts":"default","ast-page-background-enabled":"default","ast-page-background-meta":{"desktop":{"background-color":"var(--ast-global-color-4)","background-image":"","background-repeat":"repeat","background-position":"center center","background-size":"auto","background-attachment":"scroll","background-type":"","background-media":"","overlay-type":"","overlay-color":"","overlay-opacity":"","overlay-gradient":""},"tablet":{"background-color":"","background-image":"","background-repeat":"repeat","background-position":"center center","background-size":"auto","background-attachment":"scroll","background-type":"","background-media":"","overlay-type":"","overlay-color":"","overlay-opacity":"","overlay-gradient":""},"mobile":{"background-color":"","background-image":"","background-repeat":"repeat","background-position":"center center","background-size":"auto","background-attachment":"scroll","background-type":"","background-media":"","overlay-type":"","overlay-color":"","overlay-opacity":"","overlay-gradient":""}},"ast-content-background-meta":{"desktop":{"background-color":"var(--ast-global-color-5)","background-image":"","background-repeat":"repeat","background-position":"center center","background-size":"auto","background-attachment":"scroll","background-type":"","background-media":"","overlay-type":"","overlay-color":"","overlay-opacity":"","overlay-gradient":""},"tablet":{"background-color":"var(--ast-global-color-5)","background-image":"","background-repeat":"repeat","background-position":"center center","background-size":"auto","background-attachment":"scroll","background-type":"","background-media":"","overlay-type":"","overlay-color":"","overlay-opacity":"","overlay-gradient":""},"mobile":{"background-color":"var(--ast-global-color-5)","background-image":"","background-repeat":"repeat","background-position":"center center","background-size":"auto","background-attachment":"scroll","background-type":"","background-media":"","overlay-type":"","overlay-color":"","overlay-opacity":"","overlay-gradient":""}}},"product_brand":[],"product_cat":[33],"product_tag":[],"class_list":{"0":"post-547","1":"product","2":"type-product","3":"status-publish","4":"has-post-thumbnail","6":"product_cat-motorola","7":"desktop-align-left","8":"tablet-align-left","9":"mobile-align-left","11":"first","12":"outofstock","13":"sale","14":"shipping-taxable","15":"purchasable","16":"product-type-simple"},"_links":{"self":[{"href":"https:\/\/mipcel.com\/index.php\/wp-json\/wp\/v2\/product\/547","targetHints":{"allow":["GET"]}}],"collection":[{"href":"https:\/\/mipcel.com\/index.php\/wp-json\/wp\/v2\/product"}],"about":[{"href":"https:\/\/mipcel.com\/index.php\/wp-json\/wp\/v2\/types\/product"}],"replies":[{"embeddable":true,"href":"https:\/\/mipcel.com\/index.php\/wp-json\/wp\/v2\/comments?post=547"}],"version-history":[{"count":1,"href":"https:\/\/mipcel.com\/index.php\/wp-json\/wp\/v2\/product\/547\/revisions"}],"predecessor-version":[{"id":647,"href":"https:\/\/mipcel.com\/index.php\/wp-json\/wp\/v2\/product\/547\/revisions\/647"}],"wp:featuredmedia":[{"embeddable":true,"href":"https:\/\/mipcel.com\/index.php\/wp-json\/wp\/v2\/media\/642"}],"wp:attachment":[{"href":"https:\/\/mipcel.com\/index.php\/wp-json\/wp\/v2\/media?parent=547"}],"wp:term":[{"taxonomy":"product_brand","embeddable":true,"href":"https:\/\/mipcel.com\/index.php\/wp-json\/wp\/v2\/product_brand?post=547"},{"taxonomy":"product_cat","embeddable":true,"href":"https:\/\/mipcel.com\/index.php\/wp-json\/wp\/v2\/product_cat?post=547"},{"taxonomy":"product_tag","embeddable":true,"href":"https:\/\/mipcel.com\/index.php\/wp-json\/wp\/v2\/product_tag?post=547"}],"curies":[{"name":"wp","href":"https:\/\/api.w.org\/{rel}","templated":true}]}}