{"id":549,"date":"2023-07-07T14:30:18","date_gmt":"2023-07-07T20:30:18","guid":{"rendered":"https:\/\/mipcel.com\/?post_type=product&#038;p=549"},"modified":"2023-07-07T14:32:09","modified_gmt":"2023-07-07T20:32:09","slug":"samsung-a53-kit","status":"publish","type":"product","link":"https:\/\/mipcel.com\/index.php\/producto\/samsung-a53-kit\/","title":{"rendered":"Samsung A53 Kit"},"content":{"rendered":"<p>Poder Asombroso<br \/>\nGalaxy A53 5G, un dispositivo m\u00e1s que poderoso, cuenta con una c\u00e1mara cu\u00e1druple de 64MP + 12MP + 5MP + 5MP y una c\u00e1mara frontal de 32 MP para tomas siempre n\u00edtidas y estables. Asimismo con OIS, graba videos con mayor fluidez y detalles m\u00e1s finos, incluso con poca luz. Su pantalla de 6.5\u201d FHD+ Super AMOLED Infinity-O Display de 120Hz te brinda una experiencia completamente fluida y brillante, podr\u00e1s sumergirte en tus contenidos desde cualquier lugar; ya no tendr\u00e1s que preocuparte por derrames o salpicaduras con su clasificaci\u00f3n IP67. Adem\u00e1s, su memoria de 6 GB + 128 GB, junto con su asombrosa bater\u00eda de 5,000 mAh ser\u00e1n m\u00e1s que suficientes para echar a volar tu creatividad.<\/p>\n","protected":false},"excerpt":{"rendered":"<p>Poder Asombroso<br \/>\nGalaxy A53 5G, un dispositivo m\u00e1s que poderoso, cuenta con una c\u00e1mara cu\u00e1druple de 64MP + 12MP + 5MP + 5MP y una c\u00e1mara frontal de 32 MP para tomas siempre n\u00edtidas y estables. Asimismo con OIS, graba videos con mayor fluidez y detalles m\u00e1s finos, incluso con poca luz. Su pantalla de 6.5\u201d FHD+ Super AMOLED Infinity-O Display de 120Hz te brinda una experiencia completamente fluida y brillante, podr\u00e1s sumergirte en tus contenidos desde cualquier lugar; ya no tendr\u00e1s que preocuparte por derrames o salpicaduras con su clasificaci\u00f3n IP67. Adem\u00e1s, su memoria de 6 GB + 128 GB, junto con su asombrosa bater\u00eda de 5,000 mAh ser\u00e1n m\u00e1s que suficientes para echar a volar tu creatividad.<\/p>\n","protected":false},"featured_media":653,"comment_status":"open","ping_status":"closed","template":"","meta":{"site-sidebar-layout":"default","site-content-layout":"","ast-site-content-layout":"default","site-content-style":"default","site-sidebar-style":"default","ast-global-header-display":"","ast-banner-title-visibility":"","ast-main-header-display":"","ast-hfb-above-header-display":"","ast-hfb-below-header-display":"","ast-hfb-mobile-header-display":"","site-post-title":"","ast-breadcrumbs-content":"","ast-featured-img":"","footer-sml-layout":"","ast-disable-related-posts":"","theme-transparent-header-meta":"","adv-header-id-meta":"","stick-header-meta":"","header-above-stick-meta":"","header-main-stick-meta":"","header-below-stick-meta":"","astra-migrate-meta-layouts":"default","ast-page-background-enabled":"default","ast-page-background-meta":{"desktop":{"background-color":"var(--ast-global-color-4)","background-image":"","background-repeat":"repeat","background-position":"center center","background-size":"auto","background-attachment":"scroll","background-type":"","background-media":"","overlay-type":"","overlay-color":"","overlay-opacity":"","overlay-gradient":""},"tablet":{"background-color":"","background-image":"","background-repeat":"repeat","background-position":"center center","background-size":"auto","background-attachment":"scroll","background-type":"","background-media":"","overlay-type":"","overlay-color":"","overlay-opacity":"","overlay-gradient":""},"mobile":{"background-color":"","background-image":"","background-repeat":"repeat","background-position":"center center","background-size":"auto","background-attachment":"scroll","background-type":"","background-media":"","overlay-type":"","overlay-color":"","overlay-opacity":"","overlay-gradient":""}},"ast-content-background-meta":{"desktop":{"background-color":"var(--ast-global-color-5)","background-image":"","background-repeat":"repeat","background-position":"center center","background-size":"auto","background-attachment":"scroll","background-type":"","background-media":"","overlay-type":"","overlay-color":"","overlay-opacity":"","overlay-gradient":""},"tablet":{"background-color":"var(--ast-global-color-5)","background-image":"","background-repeat":"repeat","background-position":"center center","background-size":"auto","background-attachment":"scroll","background-type":"","background-media":"","overlay-type":"","overlay-color":"","overlay-opacity":"","overlay-gradient":""},"mobile":{"background-color":"var(--ast-global-color-5)","background-image":"","background-repeat":"repeat","background-position":"center center","background-size":"auto","background-attachment":"scroll","background-type":"","background-media":"","overlay-type":"","overlay-color":"","overlay-opacity":"","overlay-gradient":""}}},"product_brand":[],"product_cat":[36],"product_tag":[],"class_list":{"0":"post-549","1":"product","2":"type-product","3":"status-publish","4":"has-post-thumbnail","6":"product_cat-samsung","7":"desktop-align-left","8":"tablet-align-left","9":"mobile-align-left","11":"first","12":"outofstock","13":"sale","14":"shipping-taxable","15":"purchasable","16":"product-type-simple"},"_links":{"self":[{"href":"https:\/\/mipcel.com\/index.php\/wp-json\/wp\/v2\/product\/549","targetHints":{"allow":["GET"]}}],"collection":[{"href":"https:\/\/mipcel.com\/index.php\/wp-json\/wp\/v2\/product"}],"about":[{"href":"https:\/\/mipcel.com\/index.php\/wp-json\/wp\/v2\/types\/product"}],"replies":[{"embeddable":true,"href":"https:\/\/mipcel.com\/index.php\/wp-json\/wp\/v2\/comments?post=549"}],"version-history":[{"count":1,"href":"https:\/\/mipcel.com\/index.php\/wp-json\/wp\/v2\/product\/549\/revisions"}],"predecessor-version":[{"id":658,"href":"https:\/\/mipcel.com\/index.php\/wp-json\/wp\/v2\/product\/549\/revisions\/658"}],"wp:featuredmedia":[{"embeddable":true,"href":"https:\/\/mipcel.com\/index.php\/wp-json\/wp\/v2\/media\/653"}],"wp:attachment":[{"href":"https:\/\/mipcel.com\/index.php\/wp-json\/wp\/v2\/media?parent=549"}],"wp:term":[{"taxonomy":"product_brand","embeddable":true,"href":"https:\/\/mipcel.com\/index.php\/wp-json\/wp\/v2\/product_brand?post=549"},{"taxonomy":"product_cat","embeddable":true,"href":"https:\/\/mipcel.com\/index.php\/wp-json\/wp\/v2\/product_cat?post=549"},{"taxonomy":"product_tag","embeddable":true,"href":"https:\/\/mipcel.com\/index.php\/wp-json\/wp\/v2\/product_tag?post=549"}],"curies":[{"name":"wp","href":"https:\/\/api.w.org\/{rel}","templated":true}]}}