{"id":585,"date":"2023-07-07T14:31:05","date_gmt":"2023-07-07T20:31:05","guid":{"rendered":"https:\/\/mipcel.com\/?post_type=product&#038;p=585"},"modified":"2023-07-07T14:33:26","modified_gmt":"2023-07-07T20:33:26","slug":"zte-axon-40-se","status":"publish","type":"product","link":"https:\/\/mipcel.com\/index.php\/producto\/zte-axon-40-se\/","title":{"rendered":"ZTE Axon 40 SE"},"content":{"rendered":"<p>Accede a la mejor tecnolog\u00eda con el ZTE AXON 40 SE. Su pantalla perforada FHD+ AMOLED de 6.67&#8243; despliega 16 millones de color brind\u00e1ndote la mejor experiencia visual. Su dise\u00f1o incorpora el lector de huellas digitales en el bot\u00f3n lateral de desbloqueo. Lleva tus fotos al siguiente nivel con su c\u00e1mara triple de 50Mpx + 5Mpx + 2MPx, y captura las mejores selfies con su c\u00e1mara frontal de 8Mpx. Con AXON 40 SE obtendr\u00e1s el mejor desempe\u00f1o con su procesador UNISOC T618 (UMS512T) Octa-Core ( A75(2.0GHz*2) + A55(2.0GHz*6) ). Utiliza hasta 6 GB de RAM conformados por 4 GB RAM + 2 GB de RAM din\u00e1mica configurables por el usuario. Cuenta con 128 GB de memoria interna. Bater\u00eda de 4,500 mAh con carga r\u00e1pida de 22.5w. Su sistema operativo es Android 12 y es un equipo con tecnolog\u00eda 4.5G Gigared.<\/p>\n","protected":false},"excerpt":{"rendered":"<p>Accede a la mejor tecnolog\u00eda con el ZTE AXON 40 SE. Su pantalla perforada FHD+ AMOLED de 6.67&#8243; despliega 16 millones de color brind\u00e1ndote la mejor experiencia visual. Su dise\u00f1o incorpora el lector de huellas digitales en el bot\u00f3n lateral de desbloqueo. Lleva tus fotos al siguiente nivel con su c\u00e1mara triple de 50Mpx + 5Mpx + 2MPx, y captura las mejores selfies con su c\u00e1mara frontal de 8Mpx. Con AXON 40 SE obtendr\u00e1s el mejor desempe\u00f1o con su procesador UNISOC T618 (UMS512T) Octa-Core ( A75(2.0GHz*2) + A55(2.0GHz*6) ). Utiliza hasta 6 GB de RAM conformados por 4 GB RAM + 2 GB de RAM din\u00e1mica configurables por el usuario. Cuenta con 128 GB de memoria interna. Bater\u00eda de 4,500 mAh con carga r\u00e1pida de 22.5w. Su sistema operativo es Android 12 y es un equipo con tecnolog\u00eda 4.5G Gigared.<\/p>\n","protected":false},"featured_media":700,"comment_status":"open","ping_status":"closed","template":"","meta":{"site-sidebar-layout":"default","site-content-layout":"","ast-site-content-layout":"default","site-content-style":"default","site-sidebar-style":"default","ast-global-header-display":"","ast-banner-title-visibility":"","ast-main-header-display":"","ast-hfb-above-header-display":"","ast-hfb-below-header-display":"","ast-hfb-mobile-header-display":"","site-post-title":"","ast-breadcrumbs-content":"","ast-featured-img":"","footer-sml-layout":"","ast-disable-related-posts":"","theme-transparent-header-meta":"","adv-header-id-meta":"","stick-header-meta":"","header-above-stick-meta":"","header-main-stick-meta":"","header-below-stick-meta":"","astra-migrate-meta-layouts":"default","ast-page-background-enabled":"default","ast-page-background-meta":{"desktop":{"background-color":"var(--ast-global-color-4)","background-image":"","background-repeat":"repeat","background-position":"center center","background-size":"auto","background-attachment":"scroll","background-type":"","background-media":"","overlay-type":"","overlay-color":"","overlay-opacity":"","overlay-gradient":""},"tablet":{"background-color":"","background-image":"","background-repeat":"repeat","background-position":"center center","background-size":"auto","background-attachment":"scroll","background-type":"","background-media":"","overlay-type":"","overlay-color":"","overlay-opacity":"","overlay-gradient":""},"mobile":{"background-color":"","background-image":"","background-repeat":"repeat","background-position":"center center","background-size":"auto","background-attachment":"scroll","background-type":"","background-media":"","overlay-type":"","overlay-color":"","overlay-opacity":"","overlay-gradient":""}},"ast-content-background-meta":{"desktop":{"background-color":"var(--ast-global-color-5)","background-image":"","background-repeat":"repeat","background-position":"center center","background-size":"auto","background-attachment":"scroll","background-type":"","background-media":"","overlay-type":"","overlay-color":"","overlay-opacity":"","overlay-gradient":""},"tablet":{"background-color":"var(--ast-global-color-5)","background-image":"","background-repeat":"repeat","background-position":"center center","background-size":"auto","background-attachment":"scroll","background-type":"","background-media":"","overlay-type":"","overlay-color":"","overlay-opacity":"","overlay-gradient":""},"mobile":{"background-color":"var(--ast-global-color-5)","background-image":"","background-repeat":"repeat","background-position":"center center","background-size":"auto","background-attachment":"scroll","background-type":"","background-media":"","overlay-type":"","overlay-color":"","overlay-opacity":"","overlay-gradient":""}}},"product_brand":[],"product_cat":[41],"product_tag":[],"class_list":{"0":"post-585","1":"product","2":"type-product","3":"status-publish","4":"has-post-thumbnail","6":"product_cat-zte","7":"desktop-align-left","8":"tablet-align-left","9":"mobile-align-left","11":"first","12":"outofstock","13":"sale","14":"shipping-taxable","15":"purchasable","16":"product-type-simple"},"_links":{"self":[{"href":"https:\/\/mipcel.com\/index.php\/wp-json\/wp\/v2\/product\/585","targetHints":{"allow":["GET"]}}],"collection":[{"href":"https:\/\/mipcel.com\/index.php\/wp-json\/wp\/v2\/product"}],"about":[{"href":"https:\/\/mipcel.com\/index.php\/wp-json\/wp\/v2\/types\/product"}],"replies":[{"embeddable":true,"href":"https:\/\/mipcel.com\/index.php\/wp-json\/wp\/v2\/comments?post=585"}],"version-history":[{"count":1,"href":"https:\/\/mipcel.com\/index.php\/wp-json\/wp\/v2\/product\/585\/revisions"}],"predecessor-version":[{"id":705,"href":"https:\/\/mipcel.com\/index.php\/wp-json\/wp\/v2\/product\/585\/revisions\/705"}],"wp:featuredmedia":[{"embeddable":true,"href":"https:\/\/mipcel.com\/index.php\/wp-json\/wp\/v2\/media\/700"}],"wp:attachment":[{"href":"https:\/\/mipcel.com\/index.php\/wp-json\/wp\/v2\/media?parent=585"}],"wp:term":[{"taxonomy":"product_brand","embeddable":true,"href":"https:\/\/mipcel.com\/index.php\/wp-json\/wp\/v2\/product_brand?post=585"},{"taxonomy":"product_cat","embeddable":true,"href":"https:\/\/mipcel.com\/index.php\/wp-json\/wp\/v2\/product_cat?post=585"},{"taxonomy":"product_tag","embeddable":true,"href":"https:\/\/mipcel.com\/index.php\/wp-json\/wp\/v2\/product_tag?post=585"}],"curies":[{"name":"wp","href":"https:\/\/api.w.org\/{rel}","templated":true}]}}