{"id":603,"date":"2023-07-07T14:31:26","date_gmt":"2023-07-07T20:31:26","guid":{"rendered":"https:\/\/mipcel.com\/?post_type=product&#038;p=603"},"modified":"2024-11-08T12:09:28","modified_gmt":"2024-11-08T18:09:28","slug":"samsung-galaxy-a34-5g","status":"publish","type":"product","link":"https:\/\/mipcel.com\/index.php\/producto\/samsung-galaxy-a34-5g\/","title":{"rendered":"Samsung Galaxy A34 5G"},"content":{"rendered":"<p>Tus momentos cobran vida<br \/>\nGalaxy A34 5G captura tus mejores momentos en colores v\u00edvidos y brillantes, incluso en la oscuridad, y ajusta el encuadre para que nadie se quede fuera de la foto gracias al enfoque autom\u00e1tico.<\/p>\n<p>Bater\u00eda para m\u00e1s de 2 d\u00edas<br \/>\nCon una bater\u00eda (t\u00edpica) de 5.000mAh, Galaxy A34 5G tiene capacidad para rato. La bater\u00eda se adapta de forma inteligente a la forma en que utilizas el tel\u00e9fono, permitiendo que dure mucho m\u00e1s de 24 horas.<\/p>\n<p>Hazlo todo en un plis plas<br \/>\nEl procesador octa-core y la conectividad 5G permiten que alcances el m\u00e1ximo rendimiento con Galaxy A34 5G, tanto jugando como trabajando. Y despreoc\u00fapate: con opci\u00f3n a 6\/8GB de memoria y a 128\/256GB de almacenamiento, adem\u00e1s de la posibilidad de a\u00f1adir una tarjeta microSD de hasta un 1TB. \u00a1Tendr\u00e1s espacio para todo!<\/p>\n<p>N\u00edtida y luminosa incluso bajo la luz del sol<br \/>\nLa pantalla S\u00faper AMOLED de 1.000 nits del Galaxy A34 5G garantiza una imagen clara incluso en exteriores. Su asombrosa pantalla de 6,6&#8243; ofrece una visi\u00f3n suave como la seda, con tasas de refresco de hasta 120Hz que dan vida a todo tu contenido<\/p>\n","protected":false},"excerpt":{"rendered":"<p>&nbsp;<\/p>\n<p><span style=\"color: #000000\">Aprovecha su incre\u00edble durabilidad con el IP67 para protegerlo contra polvo y salpicadura de agua. Observa todos los detalles en su pantalla 6.6&#8243; con protecci\u00f3n para tus ojos. Toma tus fotos con estabilizador de movimiento y visibilidad para exteriores. Navega con la conexi\u00f3n m\u00e1s r\u00e1pida de 5G. Por \u00faltimo, disfruta de su AI enhancer, QuickShare y Security MR x 5.<\/span><\/p>\n","protected":false},"featured_media":719,"comment_status":"open","ping_status":"closed","template":"","meta":{"site-sidebar-layout":"default","site-content-layout":"","ast-site-content-layout":"default","site-content-style":"default","site-sidebar-style":"default","ast-global-header-display":"","ast-banner-title-visibility":"","ast-main-header-display":"","ast-hfb-above-header-display":"","ast-hfb-below-header-display":"","ast-hfb-mobile-header-display":"","site-post-title":"","ast-breadcrumbs-content":"","ast-featured-img":"","footer-sml-layout":"","ast-disable-related-posts":"","theme-transparent-header-meta":"","adv-header-id-meta":"","stick-header-meta":"","header-above-stick-meta":"","header-main-stick-meta":"","header-below-stick-meta":"","astra-migrate-meta-layouts":"default","ast-page-background-enabled":"default","ast-page-background-meta":{"desktop":{"background-color":"var(--ast-global-color-4)","background-image":"","background-repeat":"repeat","background-position":"center center","background-size":"auto","background-attachment":"scroll","background-type":"","background-media":"","overlay-type":"","overlay-color":"","overlay-opacity":"","overlay-gradient":""},"tablet":{"background-color":"","background-image":"","background-repeat":"repeat","background-position":"center center","background-size":"auto","background-attachment":"scroll","background-type":"","background-media":"","overlay-type":"","overlay-color":"","overlay-opacity":"","overlay-gradient":""},"mobile":{"background-color":"","background-image":"","background-repeat":"repeat","background-position":"center center","background-size":"auto","background-attachment":"scroll","background-type":"","background-media":"","overlay-type":"","overlay-color":"","overlay-opacity":"","overlay-gradient":""}},"ast-content-background-meta":{"desktop":{"background-color":"var(--ast-global-color-5)","background-image":"","background-repeat":"repeat","background-position":"center center","background-size":"auto","background-attachment":"scroll","background-type":"","background-media":"","overlay-type":"","overlay-color":"","overlay-opacity":"","overlay-gradient":""},"tablet":{"background-color":"var(--ast-global-color-5)","background-image":"","background-repeat":"repeat","background-position":"center center","background-size":"auto","background-attachment":"scroll","background-type":"","background-media":"","overlay-type":"","overlay-color":"","overlay-opacity":"","overlay-gradient":""},"mobile":{"background-color":"var(--ast-global-color-5)","background-image":"","background-repeat":"repeat","background-position":"center center","background-size":"auto","background-attachment":"scroll","background-type":"","background-media":"","overlay-type":"","overlay-color":"","overlay-opacity":"","overlay-gradient":""}}},"product_brand":[],"product_cat":[36],"product_tag":[],"class_list":{"0":"post-603","1":"product","2":"type-product","3":"status-publish","4":"has-post-thumbnail","6":"product_cat-samsung","7":"desktop-align-left","8":"tablet-align-left","9":"mobile-align-left","11":"first","12":"outofstock","13":"sale","14":"shipping-taxable","15":"purchasable","16":"product-type-simple"},"_links":{"self":[{"href":"https:\/\/mipcel.com\/index.php\/wp-json\/wp\/v2\/product\/603","targetHints":{"allow":["GET"]}}],"collection":[{"href":"https:\/\/mipcel.com\/index.php\/wp-json\/wp\/v2\/product"}],"about":[{"href":"https:\/\/mipcel.com\/index.php\/wp-json\/wp\/v2\/types\/product"}],"replies":[{"embeddable":true,"href":"https:\/\/mipcel.com\/index.php\/wp-json\/wp\/v2\/comments?post=603"}],"version-history":[{"count":1,"href":"https:\/\/mipcel.com\/index.php\/wp-json\/wp\/v2\/product\/603\/revisions"}],"predecessor-version":[{"id":724,"href":"https:\/\/mipcel.com\/index.php\/wp-json\/wp\/v2\/product\/603\/revisions\/724"}],"wp:featuredmedia":[{"embeddable":true,"href":"https:\/\/mipcel.com\/index.php\/wp-json\/wp\/v2\/media\/719"}],"wp:attachment":[{"href":"https:\/\/mipcel.com\/index.php\/wp-json\/wp\/v2\/media?parent=603"}],"wp:term":[{"taxonomy":"product_brand","embeddable":true,"href":"https:\/\/mipcel.com\/index.php\/wp-json\/wp\/v2\/product_brand?post=603"},{"taxonomy":"product_cat","embeddable":true,"href":"https:\/\/mipcel.com\/index.php\/wp-json\/wp\/v2\/product_cat?post=603"},{"taxonomy":"product_tag","embeddable":true,"href":"https:\/\/mipcel.com\/index.php\/wp-json\/wp\/v2\/product_tag?post=603"}],"curies":[{"name":"wp","href":"https:\/\/api.w.org\/{rel}","templated":true}]}}