{"id":606,"date":"2023-07-07T14:31:27","date_gmt":"2023-07-07T20:31:27","guid":{"rendered":"https:\/\/mipcel.com\/?post_type=product&#038;p=606"},"modified":"2024-11-08T12:03:25","modified_gmt":"2024-11-08T18:03:25","slug":"zte-blade-l220","status":"publish","type":"product","link":"https:\/\/mipcel.com\/index.php\/producto\/zte-blade-l220\/","title":{"rendered":"Zte Blade L220"},"content":{"rendered":"<p>Disfruta del nuevo Blade L210 \u00a1en grande! Equipado con pantalla de 6\u201d todos tus contenidos se ver\u00e1n grandiosos. El ZTE Blade L210 tiene todo para que te diviertas sin l\u00edmite. C\u00e1mara trasera de 8 Mpx con flash y frontal de 5 Mpx. Funciona con todas tus aplicaciones favoritas gracias a su procesador Quad Core Spreadtrum SC7731EA7x4 @1.3GHz, y a su sistema operativo Android 10 Go. Tu informaci\u00f3n estar\u00e1 m\u00e1s segura que nunca ya que cuenta con lector de huellas digitales\/fingerprint. Guarda todo lo que quieras en sus 32 GB de memoria interna que ahora son escalables a 128 GB.<\/p>\n","protected":false},"excerpt":{"rendered":"<p>Disfruta del nuevo Blade L210 \u00a1en grande! Equipado con pantalla de 6\u201d todos tus contenidos se ver\u00e1n grandiosos. El ZTE Blade L210 tiene todo para que te diviertas sin l\u00edmite. C\u00e1mara trasera de 8 Mpx con flash y frontal de 5 Mpx. Funciona con todas tus aplicaciones favoritas gracias a su procesador Quad Core Spreadtrum SC7731EA7x4 @1.3GHz, y a su sistema operativo Android 10 Go. Tu informaci\u00f3n estar\u00e1 m\u00e1s segura que nunca ya que cuenta con lector de huellas digitales\/fingerprint. Guarda todo lo que quieras en sus 32 GB de memoria interna que ahora son escalables a 128 GB.<\/p>\n","protected":false},"featured_media":737,"comment_status":"open","ping_status":"closed","template":"","meta":{"site-sidebar-layout":"default","site-content-layout":"","ast-site-content-layout":"default","site-content-style":"default","site-sidebar-style":"default","ast-global-header-display":"","ast-banner-title-visibility":"","ast-main-header-display":"","ast-hfb-above-header-display":"","ast-hfb-below-header-display":"","ast-hfb-mobile-header-display":"","site-post-title":"","ast-breadcrumbs-content":"","ast-featured-img":"","footer-sml-layout":"","ast-disable-related-posts":"","theme-transparent-header-meta":"","adv-header-id-meta":"","stick-header-meta":"","header-above-stick-meta":"","header-main-stick-meta":"","header-below-stick-meta":"","astra-migrate-meta-layouts":"default","ast-page-background-enabled":"default","ast-page-background-meta":{"desktop":{"background-color":"var(--ast-global-color-4)","background-image":"","background-repeat":"repeat","background-position":"center center","background-size":"auto","background-attachment":"scroll","background-type":"","background-media":"","overlay-type":"","overlay-color":"","overlay-opacity":"","overlay-gradient":""},"tablet":{"background-color":"","background-image":"","background-repeat":"repeat","background-position":"center center","background-size":"auto","background-attachment":"scroll","background-type":"","background-media":"","overlay-type":"","overlay-color":"","overlay-opacity":"","overlay-gradient":""},"mobile":{"background-color":"","background-image":"","background-repeat":"repeat","background-position":"center center","background-size":"auto","background-attachment":"scroll","background-type":"","background-media":"","overlay-type":"","overlay-color":"","overlay-opacity":"","overlay-gradient":""}},"ast-content-background-meta":{"desktop":{"background-color":"var(--ast-global-color-5)","background-image":"","background-repeat":"repeat","background-position":"center center","background-size":"auto","background-attachment":"scroll","background-type":"","background-media":"","overlay-type":"","overlay-color":"","overlay-opacity":"","overlay-gradient":""},"tablet":{"background-color":"var(--ast-global-color-5)","background-image":"","background-repeat":"repeat","background-position":"center center","background-size":"auto","background-attachment":"scroll","background-type":"","background-media":"","overlay-type":"","overlay-color":"","overlay-opacity":"","overlay-gradient":""},"mobile":{"background-color":"var(--ast-global-color-5)","background-image":"","background-repeat":"repeat","background-position":"center center","background-size":"auto","background-attachment":"scroll","background-type":"","background-media":"","overlay-type":"","overlay-color":"","overlay-opacity":"","overlay-gradient":""}}},"product_brand":[],"product_cat":[41],"product_tag":[],"class_list":{"0":"post-606","1":"product","2":"type-product","3":"status-publish","4":"has-post-thumbnail","6":"product_cat-zte","7":"desktop-align-left","8":"tablet-align-left","9":"mobile-align-left","11":"first","12":"outofstock","13":"shipping-taxable","14":"purchasable","15":"product-type-simple"},"_links":{"self":[{"href":"https:\/\/mipcel.com\/index.php\/wp-json\/wp\/v2\/product\/606","targetHints":{"allow":["GET"]}}],"collection":[{"href":"https:\/\/mipcel.com\/index.php\/wp-json\/wp\/v2\/product"}],"about":[{"href":"https:\/\/mipcel.com\/index.php\/wp-json\/wp\/v2\/types\/product"}],"replies":[{"embeddable":true,"href":"https:\/\/mipcel.com\/index.php\/wp-json\/wp\/v2\/comments?post=606"}],"version-history":[{"count":1,"href":"https:\/\/mipcel.com\/index.php\/wp-json\/wp\/v2\/product\/606\/revisions"}],"predecessor-version":[{"id":742,"href":"https:\/\/mipcel.com\/index.php\/wp-json\/wp\/v2\/product\/606\/revisions\/742"}],"wp:featuredmedia":[{"embeddable":true,"href":"https:\/\/mipcel.com\/index.php\/wp-json\/wp\/v2\/media\/737"}],"wp:attachment":[{"href":"https:\/\/mipcel.com\/index.php\/wp-json\/wp\/v2\/media?parent=606"}],"wp:term":[{"taxonomy":"product_brand","embeddable":true,"href":"https:\/\/mipcel.com\/index.php\/wp-json\/wp\/v2\/product_brand?post=606"},{"taxonomy":"product_cat","embeddable":true,"href":"https:\/\/mipcel.com\/index.php\/wp-json\/wp\/v2\/product_cat?post=606"},{"taxonomy":"product_tag","embeddable":true,"href":"https:\/\/mipcel.com\/index.php\/wp-json\/wp\/v2\/product_tag?post=606"}],"curies":[{"name":"wp","href":"https:\/\/api.w.org\/{rel}","templated":true}]}}